rs of b.
5, 353
Suppose 0 = -2*b - 3*c + 10, -5*b + 8 = -b + 3*c. Let g be (-3430)/20 + b/4*-2. Let k = 259 + g. What are the prime factors of k?
2, 11
Suppose 3*r + 70 = -2*a, 3*r + 37*a - 41*a = -40. List the prime factors of (45/r)/(-9) - (-4342)/8.
3, 181
Suppose 2*g = -3*d + 20, 21*g = 26*g + 3*d - 32. Suppose k + 8 = 3*k, -2*l = -g*k - 250. What are the prime factors of l?
7, 19
List the prime factors of ((-4512)/84)/((-2)/28).
2, 47
Let x = -10043 + 17138. What are the prime factors of x?
3, 5, 11, 43
Let g(s) = -s**2 + 9*s + 36. Let n be g(21). Let z = 780 + n. What are the prime factors of z?
2, 3, 47
Let b = -4560 - -6452. List the prime factors of b.
2, 11, 43
Let x(v) be the first derivative of -v**3 - 9*v**2/2 - 15*v + 16. Let k be x(-9). Let g = -101 - k. List the prime factors of g.
2, 19
List the prime factors of (-145)/87 - 140780/(-12).
2, 3, 5, 17, 23
Let x be 0 + -2 + (-5 - -2). Let c(h) = -h + 15. Let k be c(x). Suppose 5*v - k = 115. List the prime factors of v.
3
Suppose 54017 = 4*j - 5*f, 2*j = 4*j + 4*f - 27002. What are the prime factors of j?
3, 7, 643
Let v(f) = 162*f. Let d be v(-1). Suppose 4*s = -21*s - 48 - 2. What are the prime factors of (-3 + d - 3)*s/3?
2, 7
Let n = 68 + 108. Let x = n - 66. Let h = 30 + x. List the prime factors of h.
2, 5, 7
Let b(o) = 44*o**2 - 49*o + 89. List the prime factors of b(25).
2, 3, 13
Suppose 3*r - 23 = -8*x + 4*x, 4*x - r = 3. Let h be ((-17)/x)/(1/(-2)). Suppose 2*n + 4*k - 24 = 0, 5 = -n - k + h. List the prime factors of n.
2, 3
Let p(g) = g**2 + 3*g - 8. Let o be p(-15). Let v be (-826)/(-7)*(-2 - -3). Suppose 0 = -5*t + v + o. List the prime factors of t.
2, 29
Let a = -24487 + 35302. What are the prime factors of a?
3, 5, 7, 103
Let v = 83772 - 52902. List the prime factors of v.
2, 3, 5, 7
List the prime factors of -10126*((-77)/22 - -3).
61, 83
Suppose -301*i + 4111362 = -126*i - 4884863. What are the prime factors of i?
51407
Let u(s) = s**2 - 10*s. Let m be u(10). What are the prime factors of 398/(-1 + 3 + m)?
199
Let y = -13049 + 33371. What are the prime factors of y?
2, 3, 1129
Suppose -3*n + 666 + 1315 = w, 5*n = -2*w + 3966. Let u = w - 1284. What are the prime factors of u?
709
Let o = -26333 - -50737. What are the prime factors of o?
2, 6101
Let f = -2804 + 5342. Suppose 10*d - 16088 = -f. List the prime factors of d.
5, 271
Let y = 229 - -177. Let k = 1315 - y. What are the prime factors of k?
3, 101
Suppose -10*j + 5*j + 95 = 5*i, -j + 2 = 0. Suppose -35553 = -i*m - 4*m. What are the prime factors of m?
1693
Suppose -605*n = -15066053 - 20602932. List the prime factors of n.
19, 29, 107
Let i(b) = -b**3 + b - 1. Let g(m) = 3*m**3 - 9*m**2 - 15*m + 6. Let v(r) = -g(r) - 2*i(r). Let o = -21 - -30. List the prime factors of v(o).
113
Let t(w) = 5*w + 5. Let v be t(-2). Let f(k) = -36*k + 27. List the prime factors of f(v).
3, 23
Let u = -8595 - -18039. List the prime factors of u.
2, 3, 787
Let j(w) = 82*w**2 - 813*w - 11160. What are the prime factors of j(-14)?
2, 8147
Suppose 121*u - 276453 = 1169190 - 235280. List the prime factors of u.
7, 1429
Suppose -4*a + 3*h = 84, 4*h - 9 = 7. Let f be (7 + 0)*(a - -8). Let g = 28 - f. What are the prime factors of g?
2, 7
Let p(l) = 17*l**3 - 13*l**2 - 17*l - 26. Let a be p(10). Suppose -13*x = -x - a. What are the prime factors of x?
2, 17, 19
Let k be 1*(16 + -7) - -36781. Suppose 61*w - 35*w - k = 0. List the prime factors of w.
5, 283
Let d be 24/(-16) - 29/2. Let k = 30 - d. What are the prime factors of k?
2, 23
Suppose -2*d = 4, -q - 157 = -6*q - 4*d. Let o = q + 18. Suppose -4*v = -2*v + 5*n - 104, -3*n + o = v. List the prime factors of v.
3, 19
Let t be (4/(-7))/(8/(-364)). Let u = -19 + t. Suppose 3*p + x + 7 = u*p, 2*p - 21 = -3*x. List the prime factors of p.
3
Let m(s) = -s**3 + 20*s**2 + s - 17. Let q be m(20). Suppose 0 = -q*c + 6, -5*i - 4*c + 3914 = -2*c. What are the prime factors of i?
2, 17, 23
Suppose q - 4*q + y = -315, 5*y - 401 = -4*q. Suppose q*w = 107*w - 864. List the prime factors of w.
2, 3
Suppose 103847 + 24963 = 22*c. List the prime factors of c.
5, 1171
Let q(z) = z**2 - 2*z + 184. Suppose 0 = r + 8*n - 3*n - 25, -20 = -4*r - 4*n. Let m be q(r). Suppose 12*x - 4*x - m = 0. What are the prime factors of x?
23
Suppose -1422 = -d + 5*t - 223, -2*d = -3*t - 2419. List the prime factors of d.
2, 607
Let c(a) = -100*a + 99. Let x be c(8). Let y = x - -1034. What are the prime factors of y?
3, 37
Let w(r) = r**2 - 23*r + 115. Let u be w(16). Suppose -u*y + 2812 = y. What are the prime factors of y?
19, 37
Let o = -3525 + 6090. Suppose -o = -0*w - 9*w. What are the prime factors of w?
3, 5, 19
Let p = 6 - 7. Let s be p + 5/2 - 171/(-38). Suppose -s*l + 20 = -4*l. What are the prime factors of l?
2, 5
List the prime factors of -62*(-5)/((-50)/(-745)).
31, 149
Let f be ((-2)/6)/(1/(-12)) - 2. Suppose 5 = -s, 4*t + f*s = -0*s + 2. Suppose -5*k + 10 = t*i, 14 + 11 = 2*k - 3*i. What are the prime factors of k?
5
Let t(h) = 3*h**3 - 5*h - 3. Let n be t(3). Suppose 2*f + n = 179. What are the prime factors of f?
2, 29
Let y(i) = -30*i + 8. Let t be y(0). What are the prime factors of 641 + (-20)/(-80) + 30/t?
3, 5, 43
What are the prime factors of 111892/4 - ((-24)/96 + (-2)/(-8))?
11, 2543
Let p(i) = 11*i**3 - 6*i**2 + 35*i + 23. Let o(d) = -9*d**3 + 6*d**2 - 36*d - 24. Let u(v) = -6*o(v) - 5*p(v). What are the prime factors of u(-12)?
401
Suppose q + 5*c = 35, -5*q = c - 4*c - 203. What are the prime factors of (-6 + 72/5)*q?
2, 3, 7
Let t be 297/6 + (-9)/6. Suppose -m = -r - t, -3*r = -5*m - r + 225. Suppose 0 = 9*i - 227 - m. What are the prime factors of i?
2, 3, 5
Let u = -3342 + 29448. What are the prime factors of u?
2, 3, 19, 229
Suppose 0 = 3*q - 5*f + 246, 2*f - 462 = 5*q - 71. Let z(t) = 8*t**2 + 69*t - 60. Let y be z(-11). Let x = q + y. List the prime factors of x.
2, 3
Let m(n) = 9*n**3 - 9*n**2 - 29*n + 345. What are the prime factors of m(10)?
5, 7, 233
Let o = -339 - -339. List the prime factors of (653 - o) + 17/((-170)/20).
3, 7, 31
Let j = 11211 - 6410. List the prime factors of j.
4801
Let t = -51154 - -77000. List the prime factors of t.
2, 12923
Suppose -2*b - 8*t = -11*t - 20473, 4*b + 4*t = 40956. List the prime factors of b.
2, 5119
What are the prime factors of -2352*(-28 - (-126)/7)?
2, 3, 5, 7
Let i = -82 + 76. Let k be (-24)/(-5)*((-52)/i + -2). List the prime factors of 2/(-2) + (k - 2) + -1.
2, 7
Let v(z) = z**3 - 18*z**2 + 18*z - 8. Let c be v(17). Suppose 3*g - 2*s = 26, -3*g + 43 = -4*s + c. What are the prime factors of 3/g + (-227)/(-2)?
2, 3, 19
Let s(m) be the third derivative of m**5/5 - 5*m**4/12 - 4*m**3/3 + m**2 - 1. What are the prime factors of s(-9)?
2, 17, 31
Let p = 882 - 282. Suppose 3*b - 3 = 155*j - 152*j, 5*b - 7 = 4*j. List the prime factors of (p - b)/(5 + (3 - 5)).
199
Suppose -11*l = -46 + 2. Suppose -3*o + 2817 - 766 = 5*a, -8 = l*a. List the prime factors of o.
3, 229
Let a(u) = -u**2 - 2*u + 57. Let k(c) = -c - 6. Let g be k(-6). Let v be a(g). Suppose v = m + 4*l, 360 = 3*m + 2*m + 5*l. What are the prime factors of m?
7, 11
Let l = 848 - 344. Let b(o) = -12*o - 155. Let r be b(-14). Suppose z - l = -r*z. List the prime factors of z.
2, 3
Let r be (13/1 - 5) + -3. Let p be (-5)/(-1) - (6 - r). Suppose 0 = -5*d + p*d + 251. List the prime factors of d.
251
Let c(j) = 2460*j - 90. Let d be c(-6). What are the prime factors of (2/(-3))/(5*3/d)?
2, 3, 5, 11
Let j(o) be the second derivative of -o**6/72 - o**5/30 + 7*o**4/2 + 8*o. Let x(l) be the third derivative of j(l). What are the prime factors of x(-5)?
2, 23
Let f(s) = -s**3 - 30*s**2 - 76*s - 151. List the prime factors of f(-32).
3, 13, 37
Suppose 0 = i - 2. Let j be ((-3)/(-6))/(i/372). Let d = 160 - j. What are the prime factors of d?
67
Let o = -57 + -120. Let q = o + 401. List the prime factors of q.
2, 7
List the prime factors of (-4)/22*(-16 + 3734797/(-22)).
30869
Let s be 708/27 + (-4)/18. Suppose -s*u = -16*u - 5030. What are the prime factors of u?
503
Suppose -3*g - 30732 = -3*n, 2*g = -47 + 57. What are the prime factors of n?
37, 277
List the prime factors of (14721 + 0)*(2 - (-48)/(-36)).
2, 7, 701
Suppose -1909 = -5*m + 3*r + 32328, 2*m - 4*r = 13706. List the pri